sor of 4122 and 144.
18
What is the highest common divisor of 80 and 520?
40
What is the highest common divisor of 81 and 24?
3
What is the highest common factor of 65 and 1261?
13
What is the greatest common divisor of 344 and 430?
86
Calculate the highest common factor of 690 and 255.
15
What is the greatest common factor of 16 and 56?
8
Calculate the greatest common divisor of 8 and 148.
4
Calculate the highest common factor of 912 and 208.
16
Calculate the greatest common divisor of 361 and 855.
19
Calculate the greatest common divisor of 1276 and 242.
22
Calculate the highest common factor of 3321 and 486.
81
What is the greatest common factor of 1406 and 370?
74
What is the greatest common divisor of 60 and 11010?
30
What is the highest common divisor of 1085 and 35?
35
What is the greatest common factor of 200 and 225?
25
Calculate the greatest common factor of 132 and 8.
4
Calculate the greatest common divisor of 2507 and 391.
23
Calculate the greatest common factor of 54 and 522.
18
What is the highest common divisor of 1435 and 147?
7
What is the greatest common divisor of 61 and 793?
61
Calculate the highest common divisor of 246 and 123.
123
What is the highest common divisor of 14 and 4634?
14
Calculate the greatest common factor of 2077 and 93.
31
What is the greatest common factor of 56 and 21?
7
Calculate the greatest common factor of 663 and 51.
51
Calculate the highest common divisor of 285 and 15.
15
Calculate the greatest common factor of 2540 and 120.
20
What is the greatest common factor of 56 and 175?
7
What is the highest common divisor of 234 and 522?
18
What is the greatest common divisor of 94 and 235?
47
What is the highest common factor of 49 and 1323?
49
Calculate the highest common divisor of 122 and 61.
61
What is the greatest common divisor of 69 and 345?
69
Calculate the highest common factor of 624 and 84.
12
Calculate the greatest common factor of 40 and 4.
4
Calculate the highest common factor of 588 and 49.
49
Calculate the greatest common divisor of 292 and 4.
4
Calculate the greatest common factor of 6 and 7602.
6
Calculate the greatest common divisor of 1363 and 58.
29
Calculate the greatest common divisor of 114 and 513.
57
What is the greatest common factor of 108 and 972?
108
Calculate the greatest common factor of 38 and 1178.
38
Calculate the greatest common factor of 9120 and 24.
24
What is the highest common divisor of 8414 and 14?
14
Calculate the highest common divisor of 4 and 44.
4
Calculate the highest common divisor of 783 and 841.
29
Calculate the greatest common factor of 540 and 9540.
180
Calculate the highest common factor of 72 and 80.
8
Calculate the highest common divisor of 54 and 378.
54
What is the highest common divisor of 8 and 8408?
8
What is the greatest common divisor of 4 and 110?
2
Calculate the greatest common factor of 1248 and 39.
39
Calculate the highest common factor of 448 and 2352.
112
Calculate the greatest common factor of 31154 and 37.
37
Calculate the greatest common divisor of 1472 and 96.
32
What is the highest common factor of 58 and 1334?
58
What is the greatest common factor of 40 and 500?
20
What is the highest common divisor of 322 and 7866?
46
Calculate the highest common divisor of 296 and 8.
8
Calculate the greatest common factor of 2948 and 176.
44
What is the greatest common divisor of 192 and 256?
64
What is the highest common divisor of 120 and 1032?
24
Calculate the greatest common factor of 83 and 8798.
83
Calculate the highest common factor of 169 and 13.
13
What is the highest common factor of 105 and 240?
15
What is the greatest common factor of 4260 and 240?
60
Calculate the highest common factor of 22 and 847.
11
What is the highest common factor of 720 and 40?
40
What is the highest common divisor of 150 and 1450?
50
Calculate the greatest common factor of 5 and 1735.
5
Calculate the greatest common factor of 245 and 441.
49
Calculate the highest common factor of 45 and 435.
15
Calculate the highest common divisor of 52 and 6292.
52
What is the highest common factor of 13923 and 78?
39
What is the greatest common factor of 774 and 72?
18
What is the greatest common divisor of 1537 and 848?
53
Calculate the greatest common factor of 27 and 1593.
27
What is the greatest common factor of 52 and 1404?
52
What is the greatest common divisor of 2048 and 112?
16
What is the greatest common factor of 243 and 18?
9
Calculate the highest common divisor of 77 and 23947.
77
Calculate the highest common divisor of 55 and 165.
55
What is the greatest common factor of 17201 and 103?
103
What is the highest common factor of 286 and 44?
22
What is the highest common divisor of 856 and 192?
8
Calculate the highest common factor of 308 and 4.
4
Calculate the highest common divisor of 780 and 36.
12
What is the greatest common divisor of 29982 and 38?
38
What is the highest common factor of 53 and 21041?
53
What is the highest common factor of 10 and 735?
5
Calculate the highest common factor of 38 and 1178.
38
Calculate the greatest common factor of 88 and 22.
22
Calculate the greatest common factor of 410 and 10.
10
What is the greatest common factor of 71 and 2?
1
What is the greatest common divisor of 126 and 42?
42
What is the greatest common factor of 736 and 1426?
46
What is the greatest common divisor of 150 and 550?
50
What is the highest common divisor of 2 and 16?
2
Calculate the greatest common divisor of 12726 and 14.
14
What is the greatest common divisor of 21 and 672?
21
Calculate the greatest common factor of 320 and 4720.
80
Calculate the greatest common divisor of 96 and 18.
6
What is the highest common divisor of 532 and 152?
76
Calculate the highest common divisor of 714 and 126.
42
What is the greatest common divisor of 864 and 27?
27
Calculate the greatest common divisor of 21 and 63.
21
What is the highest common factor of 3 and 1587?
3
What is the highest common divisor of 476 and 336?
28
What is the highest common divisor of 1971 and 3431?
73
Calculate the highest common divisor of 95 and 874.
19
What is the greatest common divisor of 68 and 153?
17
What is the greatest common factor of 19370 and 130?
130
Calculate the highest common factor of 207 and 8901.
207
Calculate the highest common factor of 144 and 384.
48
What is the highest common factor of 676 and 78?
26
What is the highest common divisor of 138643 and 19?
19
What is the greatest common factor of 20 and 100?
20
Calculate the highest common divisor of 54 and 90.
18
Calculate the highest common factor of 376 and 63544.
376
Calculate the greatest common factor of 12 and 7044.
12
What is the highest common factor of 322 and 42?
14
Calculate the greatest common factor of 192 and 456.
24
What is the highest common factor of 138 and 2254?
46
What is the greatest common factor of 708 and 3363?
177
Calculate the greatest common factor of 63 and 1932.
21
Calculate the highest common divisor of 938 and 7.
7
What is the highest common divisor of 48 and 40?
8
What is the greatest common factor of 42 and 21189?
21
Calculate the greatest common divisor of 35 and 28.
7
Calculate the highest common divisor of 82 and 40754.
82
Calculate the highest common factor of 377 and 29.
29
What is the greatest common factor of 9640 and 280?
40
Calculate the highest common factor of 4758 and 122.
122
Calculate the greatest common divisor of 440 and 451.
11
Calculate the highest common divisor of 102 and 30.
6
What is the highest common divisor of 3263 and 13?
13
What is the highest common divisor of 490 and 16030?
70
What is the greatest common divisor of 338 and 2938?
26
What is the greatest common divisor of 465 and 93?
93
What is the highest common divisor of 184 and 5198?
46
What is the highest common divisor of 424 and 216?
8
What is the highest common factor of 351 and 6435?
117
What is the highest common factor of 28 and 1750?
14
What is the greatest common factor of 1034 and 528?
22
What is the greatest common factor of 16460 and 20?
20
What is the greatest common factor of 4 and 20476?
4
What is the greatest common divisor of 621 and 69?
69
What is the highest common factor of 140150 and 50?
50
Calculate the highest common divisor of 6946 and 5134.
302
What is the highest common divisor o